divided by 300.
22
Calculate the remainder when 1074 is divided by 11.
7
Calculate the remainder when 205 is divided by 23.
21
Calculate the remainder when 117 is divided by 22.
7
Calculate the remainder when 519 is divided by 32.
7
What is the remainder when 80 is divided by 16?
0
What is the remainder when 488 is divided by 124?
116
Calculate the remainder when 172 is divided by 25.
22
Calculate the remainder when 218 is divided by 71.
5
What is the remainder when 101 is divided by 58?
43
Calculate the remainder when 389 is divided by 20.
9
What is the remainder when 1634 is divided by 811?
12
What is the remainder when 189 is divided by 32?
29
Calculate the remainder when 830 is divided by 168.
158
Calculate the remainder when 3309 is divided by 276.
273
What is the remainder when 84723 is divided by 359?
358
Calculate the remainder when 26 is divided by 15.
11
What is the remainder when 267 is divided by 28?
15
What is the remainder when 18507 is divided by 15?
12
What is the remainder when 1982 is divided by 95?
82
What is the remainder when 2994 is divided by 28?
26
Calculate the remainder when 72 is divided by 5.
2
What is the remainder when 4460 is divided by 93?
89
What is the remainder when 54 is divided by 5?
4
What is the remainder when 5779 is divided by 47?
45
What is the remainder when 26 is divided by 9?
8
What is the remainder when 2988 is divided by 248?
12
What is the remainder when 32472 is divided by 13?
11
What is the remainder when 1121 is divided by 72?
41
Calculate the remainder when 12282 is divided by 4092.
6
What is the remainder when 151 is divided by 87?
64
Calculate the remainder when 237 is divided by 10.
7
Calculate the remainder when 2783 is divided by 93.
86
Calculate the remainder when 8472 is divided by 27.
21
What is the remainder when 452 is divided by 7?
4
What is the remainder when 685 is divided by 369?
316
What is the remainder when 6071 is divided by 225?
221
What is the remainder when 50 is divided by 50?
0
Calculate the remainder when 296 is divided by 101.
94
Calculate the remainder when 1635 is divided by 13.
10
Calculate the remainder when 22 is divided by 7.
1
Calculate the remainder when 3268 is divided by 84.
76
Calculate the remainder when 23 is divided by 10.
3
Calculate the remainder when 189 is divided by 41.
25
Calculate the remainder when 566 is divided by 80.
6
What is the remainder when 11393 is divided by 74?
71
What is the remainder when 1493 is divided by 251?
238
Calculate the remainder when 224 is divided by 59.
47
What is the remainder when 2564 is divided by 1275?
14
Calculate the remainder when 13718 is divided by 280.
278
What is the remainder when 837 is divided by 369?
99
What is the remainder when 191 is divided by 140?
51
What is the remainder when 3104 is divided by 311?
305
Calculate the remainder when 660 is divided by 109.
6
Calculate the remainder when 3138 is divided by 59.
11
Calculate the remainder when 1096 is divided by 14.
4
What is the remainder when 108 is divided by 91?
17
Calculate the remainder when 4620 is divided by 136.
132
What is the remainder when 92 is divided by 26?
14
Calculate the remainder when 94 is divided by 33.
28
Calculate the remainder when 3475 is divided by 79.
78
What is the remainder when 175 is divided by 92?
83
What is the remainder when 223 is divided by 85?
53
Calculate the remainder when 19545 is divided by 18.
15
What is the remainder when 393 is divided by 191?
11
Calculate the remainder when 458 is divided by 115.
113
Calculate the remainder when 1168 is divided by 7.
6
What is the remainder when 53 is divided by 33?
20
What is the remainder when 6235 is divided by 40?
35
What is the remainder when 1624 is divided by 332?
296
What is the remainder when 223 is divided by 59?
46
Calculate the remainder when 439 is divided by 43.
9
What is the remainder when 907 is divided by 70?
67
What is the remainder when 3705 is divided by 106?
101
Calculate the remainder when 952 is divided by 6.
4
What is the remainder when 242 is divided by 87?
68
Calculate the remainder when 19 is divided by 7.
5
Calculate the remainder when 318 is divided by 200.
118
Calculate the remainder when 66 is divided by 33.
0
Calculate the remainder when 58 is divided by 53.
5
What is the remainder when 269 is divided by 34?
31
Calculate the remainder when 3090 is divided by 612.
30
What is the remainder when 31 is divided by 13?
5
What is the remainder when 975 is divided by 109?
103
What is the remainder when 495 is divided by 10?
5
What is the remainder when 146 is divided by 76?
70
What is the remainder when 500 is divided by 3?
2
Calculate the remainder when 188 is divided by 38.
36
Calculate the remainder when 95 is divided by 18.
5
What is the remainder when 813 is divided by 110?
43
What is the remainder when 271 is divided by 9?
1
Calculate the remainder when 133 is divided by 53.
27
Calculate the remainder when 2326 is divided by 1158.
10
Calculate the remainder when 4524 is divided by 146.
144
What is the remainder when 3079 is divided by 11?
10
What is the remainder when 2441 is divided by 52?
49
What is the remainder when 1168 is divided by 95?
28
Calculate the remainder when 113 is divided by 49.
15
Calculate the remainder when 493 is divided by 124.
121
What is the remainder when 2624 is divided by 7?
6
Calculate the remainder when 2069 is divided by 115.
114
Calculate the remainder when 4245 is divided by 51.
12
Calculate the remainder when 79 is divided by 28.
23
Calculate the remainder when 123 is divided by 61.
1
What is the remainder when 29 is divided by 15?
14
What is the remainder when 105 is divided by 6?
3
Calculate the remainder when 367 is divided by 22.
15
What is the remainder when 1662 is divided by 332?
2
What is the remainder when 1798 is divided by 40?
38
Calculate the remainder when 314 is divided by 31.
4
Calculate the remainder when 1471 is divided by 476.
43
Calculate the remainder when 134 is divided by 60.
14
Calculate the remainder when 726 is divided by 81.
78
Calculate the remainder when 439 is divided by 21.
19
Calculate the remainder when 3339 is divided by 43.
28
What is the remainder when 29 is divided by 19?
10
What is the remainder when 74 is divided by 20?
14
What is the remainder when 100 is divided by 34?
32
What is the remainder when 38 is divided by 14?
10
What is the remainder when 157 is divided by 134?
23
Calculate the remainder when 1078 is divided by 18.
16
What is the remainder when 371 is divided by 124?
123
What is the remainder when 103 is divided by 8?
7
What is the remainder when 138 is divided by 83?
55
Calculate the remainder when 1973 is divided by 141.
140
Calculate the remainder when 355 is divided by 87.
7
Calculate the remainder when 616 is divided by 231.
154
What is the remainder when 17 is divided by 2?
1
What is the remainder when 1100 is divided by 60?
20
What is the remainder when 432 is divided by 199?
34
What is the remainder when 2038 is divided by 27?
13
Calculate the remainder when 55 is divided by 14.
13
What is the remainder when 4446 is divided by 16?
14
What is the remainder when 1479 is divided by 168?
135
Calculate the remainder when 4015 is divided by 13.
11
What is the remainder when 3867 is divided by 43?
40
What is the remainder when 227 is divided by 76?
75
Calculate the remainder when 9584 is divided by 71.
70
Calculate the remainder when 137 is divided by 4.
1
Calculate the remainder when 74 is divided by 10.
4
What is the remainder when 366 is divided by 189?
177
What is the remainder when 427 is divided by 172?
83
What is the remainder when 17667 is divided by 19?
16
What is the remainder when 607 is divided by 202?
1
Calculate the remainder when 777 is divided by 200.
177
What is the remainder when 26 is divided by 13?
0
Calculate the remainder when 238 is divided by 10.
8
Calculate the remainder when 86 is divided by 19.
10
Calculate the remainder when 658 is divided by 44.
42
Calculate the remainder when 423 is divided by 143.
137
What is the remainder when 288 is divided by 145?
143
What is the remainder when 3359 is divided by 32?
31
Calculate the remainder when 158 is divided by 4.
2
Calculate the remainder when 1502 is divided by 499.
5
Calculate the rema